rime factors of 14857225.
5, 53, 11213
List the prime factors of 6158198.
2, 613, 5023
What are the prime factors of 2630858?
2, 79, 16651
List the prime factors of 31351799.
31351799
List the prime factors of 267630.
2, 3, 5, 11, 811
List the prime factors of 213049.
23, 59, 157
What are the prime factors of 2017529?
2017529
What are the prime factors of 908116?
2, 11, 20639
List the prime factors of 1098626.
2, 549313
What are the prime factors of 2151497?
2151497
What are the prime factors of 1433458?
2, 13, 4241
What are the prime factors of 8823515?
5, 509, 3467
What are the prime factors of 946977?
3, 41, 7699
What are the prime factors of 5775?
3, 5, 7, 11
List the prime factors of 2867.
47, 61
What are the prime factors of 800119?
800119
What are the prime factors of 773601?
3, 257867
What are the prime factors of 326401?
19, 41, 419
List the prime factors of 489717.
3, 54413
What are the prime factors of 10643359?
10643359
List the prime factors of 65637.
3, 11, 13, 17
List the prime factors of 18078444.
2, 3, 167393
What are the prime factors of 12518895?
3, 5, 834593
What are the prime factors of 27063724?
2, 37, 107, 1709
What are the prime factors of 2501776?
2, 156361
List the prime factors of 3706635.
3, 5, 29, 8521
What are the prime factors of 963630?
2, 3, 5, 43, 83
What are the prime factors of 5655240?
2, 3, 5, 23, 683
List the prime factors of 29543268.
2, 3, 239, 10301
What are the prime factors of 1382972?
2, 19, 31, 587
What are the prime factors of 27171739?
7, 1087, 3571
What are the prime factors of 1452239?
43, 33773
What are the prime factors of 2324243?
1039, 2237
List the prime factors of 6516840.
2, 3, 5, 11, 4937
What are the prime factors of 6405402?
2, 3, 1067567
List the prime factors of 755009.
755009
What are the prime factors of 7191973?
223, 32251
What are the prime factors of 2324283?
3, 13, 61, 977
List the prime factors of 571841.
571841
What are the prime factors of 29075168?
2, 17, 19, 29, 97
List the prime factors of 1798418.
2, 899209
What are the prime factors of 217895?
5, 43579
List the prime factors of 1447562.
2, 103, 7027
List the prime factors of 1717448.
2, 19, 11299
What are the prime factors of 1778710?
2, 5, 17, 10463
List the prime factors of 8054062.
2, 19, 211949
List the prime factors of 77104.
2, 61, 79
List the prime factors of 6316623.
3, 77983
What are the prime factors of 267362?
2, 37, 3613
What are the prime factors of 7124717?
17, 89, 277
List the prime factors of 1402681.
7, 200383
List the prime factors of 31090.
2, 5, 3109
What are the prime factors of 9306126?
2, 3, 83, 6229
What are the prime factors of 263018?
2, 7, 18787
What are the prime factors of 5342263?
5342263
What are the prime factors of 113097?
3, 37699
List the prime factors of 88193.
7, 43, 293
List the prime factors of 268625.
5, 7, 307
List the prime factors of 89831.
7, 41, 313
What are the prime factors of 4906860?
2, 3, 5, 7, 1669
List the prime factors of 3089687.
3089687
What are the prime factors of 2459046?
2, 3, 409841
List the prime factors of 394993.
394993
List the prime factors of 524072.
2, 109, 601
List the prime factors of 49294.
2, 7, 503
List the prime factors of 110339.
110339
List the prime factors of 10509887.
37, 284051
List the prime factors of 92591.
53, 1747
List the prime factors of 9483.
3, 29, 109
List the prime factors of 1119452.
2, 279863
What are the prime factors of 881223?
3, 7, 29, 1447
What are the prime factors of 14428008?
2, 3, 7, 28627
List the prime factors of 528381.
3, 7, 8387
What are the prime factors of 4277756?
2, 7, 152777
What are the prime factors of 4816935?
3, 5, 31, 1151
What are the prime factors of 207529?
7, 23, 1289
What are the prime factors of 13117434?
2, 3, 11, 233, 853
List the prime factors of 2150283.
3, 239, 2999
What are the prime factors of 15173227?
1031, 14717
List the prime factors of 207335.
5, 41467
List the prime factors of 433010.
2, 5, 19, 43, 53
List the prime factors of 231664.
2, 14479
List the prime factors of 659024.
2, 41189
List the prime factors of 2831947.
2831947
List the prime factors of 164621.
164621
List the prime factors of 46267.
13, 3559
List the prime factors of 439454.
2, 219727
What are the prime factors of 61094?
2, 11, 2777
List the prime factors of 125468.
2, 7, 4481
List the prime factors of 1592489.
1592489
What are the prime factors of 386241?
3, 128747
What are the prime factors of 1445112?
2, 3, 20071
List the prime factors of 7535967.
3, 461, 5449
List the prime factors of 272011.
272011
List the prime factors of 117561.
3, 149, 263
List the prime factors of 21445836.
2, 3, 103, 17351
What are the prime factors of 2458225?
5, 7, 11, 1277
List the prime factors of 6497301.
3, 853, 2539
List the prime factors of 290680.
2, 5, 13, 43
List the prime factors of 941606.
2, 41, 11483
What are the prime factors of 101011?
83, 1217
List the prime factors of 1729228.
2, 19, 61, 373
What are the prime factors of 185286?
2, 3, 30881
What are the prime factors of 1638133?
7, 31, 7549
What are the prime factors of 3256922?
2, 31, 131, 401
List the prime factors of 295584.
2, 3, 3079
List the prime factors of 11959537.
2351, 5087
What are the prime factors of 2400155?
5, 71, 6761
List the prime factors of 97858.
2, 113, 433
List the prime factors of 5120161.
809, 6329
What are the prime factors of 183123?
3, 20347
What are the prime factors of 25859092?
2, 7, 923539
List the prime factors of 470955.
3, 5, 31397
What are the prime factors of 568135?
5, 37, 83
What are the prime factors of 3122480?
2, 5, 23, 1697
What are the prime factors of 26223597?
3, 2913733
What are the prime factors of 31759?
7, 13, 349
What are the prime factors of 162839?
162839
What are the prime factors of 2248002?
2, 3, 71, 1759
List the prime factors of 2798136.
2, 3, 11, 3533
List the prime factors of 1344804.
2, 3, 112067
What are the prime factors of 2949946?
2, 367, 4019
List the prime factors of 2423136.
2, 3, 43, 587
List the prime factors of 642432.
2, 3, 7, 239
What are the prime factors of 20997521?
20997521
List the prime factors of 15362490.
2, 3, 5, 11, 13, 3581
List the prime factors of 1893469.
1893469
What are the prime factors of 4940629?
4940629
List the prime factors of 576.
2, 3
What are the prime factors of 958348?
2, 239587
What are the prime factors of 127774?
2, 29, 2203
What are the prime factors of 2327505?
3, 5, 155167
What are the prime factors of 2787606?
2, 3, 251, 617
List the prime factors of 4426941.
3, 1475647
What are the prime factors of 193682?
2, 113, 857
What are the prime factors of 137498?
2, 68749
What are the prime factors of 1380283?
1380283
List the prime factors of 253453.
17, 877
What are the prime factors of 849845?
5, 29, 5861
What are the prime factors of 2392901?
7, 37, 9239
List the prime factors of 1414949.
19, 74471
List the prime factors of 257622.
2, 3, 42937
List the prime factors of 5123.
47, 109
What are the prime factors of 21921029?
13, 149, 11317
What are the prime factors of 9195432?
2, 3, 383143
What are the prime factors of 612480?
2, 3, 5, 11, 29
List the prime factors of 84468.
2, 3, 7039
What are the prime factors of 443238?
2, 3, 31, 2383
List the prime factors of 4597682.
2, 2298841
What are the prime factors of 8669113?
8669113
List the prime factors of 168261.
3, 56087
List the prime factors of 4625830.
2, 5, 11, 3823
What are the prime factors of 5624216?
2, 13, 41, 1319
What are the prime factors of 2625461?
53, 49537
List the prime factors of 127318.
2, 63659
What are the prime factors of 2547997?
2547997
What are the prime factors of 153163?
97, 1579
List the prime factors of 7327979.
239, 30661
What are the prime factors of 172488?
2, 3, 7187
What are the prime factors of 214985?
5, 19, 31, 73
List the prime factors of 57413.
57413
What are the prime factors of 227896?
2, 61, 467
What are the prime factors of 14982155?
5, 73, 41047
List the prime factors of 40178719.
7, 5739817
List the prime factors of 351723.
3, 117241
List the prime factors of 2044765.
5, 408953
What are the prime factors of 3871967?
11, 131, 2687
List the prime factors of 267175.
5, 10687
What are the prime factors of 2193525?
3, 5, 9749
What are the prime factors of 28982604?
2, 3, 7, 83, 